13
Let f(q) = -q**2 - 3*q. Let r be f(-10). Let u = r - -107. Calculate the remainder when u is divided by 20.
17
Let k be (-4)/6 - 76/12. Let z = 5 - k. What is the remainder when (1/2)/(2/184) is divided by z?
10
Let b be ((-6)/12)/(2/(-24)). Suppose v + 2*v = b. What is the remainder when 2 is divided by v?
0
Let m(h) = -h**3 + 8*h**2 - 5*h + 6. Suppose -f - f - 28 = 0. Let w = f + 21. What is the remainder when 38 is divided by m(w)?
18
Let p = 50 - 32. Let h be ((-6)/15)/(1/(-45)). Suppose -12 = -3*s + h. What is the remainder when p is divided by s?
8
Suppose -6*n + 2*n + 1076 = 0. Calculate the remainder when n is divided by 39.
35
Suppose 132 = 5*s + g, -8*s = -4*s - 3*g - 117. What is the remainder when 53 is divided by s?
26
Calculate the remainder when (3 + 0)*68/6 is divided by 20.
14
Let d(s) = s**2 + 5*s + 33. Calculate the remainder when d(-11) is divided by 17.
14
Suppose -d + 24 = -3*d. Calculate the remainder when (-45)/d + (-4)/(-16) is divided by 3.
1
Suppose 3*i + 33 = u - i, -2*u + 66 = 5*i. What is the remainder when (-6)/u - (-598)/22 is divided by 10?
7
Let u(c) = c + 1. Let x be u(8). Let y = 13 - x. Calculate the remainder when y is divided by 2.
0
Calculate the remainder when 248 is divided by (-68)/(-374) + 273/11.
23
Suppose 16 = 5*w - w. Suppose 3*l + 3*z - 18 - 6 = 0, -l + 2*z + 17 = 0. What is the remainder when 3/4*(w + 24) is divided by l?
10
Let u = 202 - 130. Calculate the remainder when u is divided by 15.
12
Suppose -q + 4*q - 1788 = 0. Suppose -t = -3*t + q. What is the remainder when 41 is divided by t/14 + 6/(-21)?
20
Let d(a) = 2*a**2 - a - 2. Calculate the remainder when 64 is divided by d(-4).
30
Let o = 12 - 8. Let w = o - -3. What is the remainder when 27 is divided by w?
6
Let t(c) = 5*c**2 - 3*c + 45. Let q(g) = 11*g**2 - 7*g + 89. Let i(a) = -4*q(a) + 9*t(a). Calculate the remainder when i(0) is divided by 25.
24
Let a(n) = 4*n + n**2 - 1 + 0 + 2 + 4. Calculate the remainder when 13 is divided by a(-4).
3
Let p be (-4)/28 - 570/(-21). Suppose -4*g = 3*b - 19 - p, -2*g = -5*b + 94. Calculate the remainder when 52 is divided by b.
16
Let z be 13/(2/(-2) - -2). Let i = z - 8. Suppose j - i*j + 44 = 0. What is the remainder when 20 is divided by j?
9
Let n(c) = 205*c**2 - c + 2. Let o be n(2). Calculate the remainder when o/25 + (-1)/(-5) is divided by 18.
15
Suppose 3*o = -0*o + 15. Let i = -3 + 1. Let p = i - -15. What is the remainder when p is divided by o?
3
Let d = 26 - 15. Let v = d - 8. What is the remainder when 6 is divided by v?
0
Suppose -112 + 4 = -6*i. Calculate the remainder when i is divided by 11.
7
Suppose 0 = -q + 7 + 4. Let y(a) = -a**2 - 13*a - 5. What is the remainder when y(-9) is divided by q?
9
Suppose -9*x + 40 = -5*x. Let t = 19 - x. What is the remainder when 33 is divided by t?
6
Let c = 13 - 9. Suppose 125 = c*n + n. Let l(d) = -24*d + 1. What is the remainder when l(-3) is divided by n?
23
Suppose -7 = 3*c + 2, -4*c = -b + 18. Let n(j) = -6*j - 2. Let d be n(b). Let u = d - -76. Calculate the remainder when u is divided by 20.
18
Suppose 0 = -5*x - 0*x - 255. Let q = 73 + x. What is the remainder when q is divided by 8?
6
Let n(y) = -y**3 - 8*y**2 - 8*y - 5. Let h be n(-7). Suppose 5*r = -5, -2*k + h*r = 2*k - 26. Calculate the remainder when (-1 - -2) + 1 + 8 is divided by k.
4
Let r = 21 + -13. Suppose -2*z = -4*t - 3 - 15, 0 = -4*z - 3*t + 58. Calculate the remainder when z is divided by r.
5
Let y(u) = u**3 + 9*u**2 + 6*u - 1. What is the remainder when 40 is divided by y(-8)?
10
Suppose -f = 4*f + 10, 0 = -y + 4*f + 17. Calculate the remainder when -2 + -2 - -7 - 144/(-3) is divided by y.
6
Let w = 8 + -8. Suppose w = -d - d + 504. Suppose 2*k - 4*h = k + 80, 4*k - d = -h. Calculate the remainder when k is divided by 22.
20
Let x(c) be the third derivative of c**5/60 - c**4/24 - 5*c**3/6 - 2*c**2. What is the remainder when 25 is divided by x(4)?
4
Let p = 63 - 50. Let x(l) = l**2 + l - 4. Suppose 0 = -2*j + 7 - 1. What is the remainder when p is divided by x(j)?
5
Suppose 0 = 2*t - 3*t + 5. Suppose 5 = -t*a - 3*f, -10 = -a - 4*f - 28. Suppose -a*m + 2 = -0*m. Calculate the remainder when 2 is divided by m.
0
Suppose 5*p - 135 = -5*u, 77 = 3*u - 0*u + 5*p. What is the remainder when u is divided by 5?
4
Suppose 0 = 2*u - 2 + 16. Let f = -4 - u. Suppose -k - k + 2*d = 0, 0 = -3*k + 4*d - f. Calculate the remainder when 5 is divided by k.
2
Let f be ((-2)/1)/(8/(-20)). Suppose 4*o - 2*o + 2 = -f*c, 4*o = -3*c - 4. Calculate the remainder when (o/(-2))/(1/52) is divided by 9.
8
Let h = 0 - -10. Calculate the remainder when 19 is divided by h.
9
Suppose -3 = r, -7*s + 4*s = -2*r - 27. Let t(n) = 6*n**2 + n + 2. Let w be t(-3). Suppose -w = -4*a + 23. What is the remainder when a is divided by s?
5
Let g(p) = 30*p - 4. Let d be g(3). Suppose -4*v = -d + 30. Calculate the remainder when 27 is divided by v.
13
Let u(o) = -3*o**3 + o**2 - 1. Let j be u(-1). Let n(f) = 4 + 3*f - 6 + 0*f. Calculate the remainder when 20 is divided by n(j).
6
Suppose 150 = -y + 4*y. Calculate the remainder when y is divided by 13.
11
Let k(p) = 3*p**2 + 2. Let x(s) = s**3 - 10*s**2 + 2*s - 15. Let l be x(10). Calculate the remainder when k(3) is divided by l*4/2*1.
9
Suppose -3*r - 3*x = 2*x - 45, 3*x = -4*r + 49. What is the remainder when r is divided by (2/(-3))/(284/36 - 8)?
4
Suppose 0*a + 205 = 4*a + 3*x, 5*a = -2*x + 251. Calculate the remainder when a is divided by 10.
9
Suppose 5*o + 5*m + 7 - 22 = 0, 4*m - 6 = 2*o. Suppose 13 = 2*q + s, 2*s + o = -9. What is the remainder when 34 is divided by q/2*(3 + -1)?
7
Let v be 4650/27 + 2/(-9). What is the remainder when (-9)/6*v/(-6) is divided by 11?
10
Suppose -19 = -y - 5. Suppose 6 = 4*w - 6. Suppose -d = -w - 23. Calculate the remainder when d is divided by y.
12
Let y = 3 + -3. Calculate the remainder when -1 + y + 87/3 is divided by (-60)/8*4/(-3).
8
Let f(a) = -9*a - 9. Suppose 0*u - 3 = -3*u. Calculate the remainder when f(-2) is divided by (-5)/(2*u/(-2)).
4
Suppose 0 = -8*z + 579 - 51. Calculate the remainder when z is divided by ((-51)/2)/((-6)/8).
32
Let l = 5 + 1. Let t(r) = 32*r**3 + r**2 - r. Let z be t(1). Suppose 5*k = -4*v + z, -v + 3 = k - 4. What is the remainder when l is divided by k?
2
Let l(f) = -f**3 + 10*f**2 - 4*f + 5. Let d be l(9). Let z = d - 25. What is the remainder when z is divided by 13?
12
Suppose -8*u - 17 = -161. What is the remainder when 34 is divided by u?
16
Let o(d) = 4*d**2 + 5*d + 2. Let h = 12 + -4. Calculate the remainder when o(-3) is divided by h.
7
Suppose -3*a + 3*x = -63, -a + 57 = 2*a - 5*x. Let u be 14/18*3*12. Suppose -80 = -5*b + 5*f, f = b - 4*f - u. Calculate the remainder when a is divided by b.
11
Let z(h) = h**3 + 3*h**2 - 10*h - 9. Calculate the remainder when 58 is divided by z(-4).
13
Let a = 111 - 64. What is the remainder when a is divided by 12?
11
Suppose -j - 64 = -b + 6*b, 5*j - 70 = 5*b. Let l = b - -21. What is the remainder when l is divided by 5?
3
Let z = 2 + 11. What is the remainder when 38 is divided by z?
12
Let m(o) = -2*o**3 - 2*o**2 - 11*o - 13. What is the remainder when 165 is divided by m(-3)?
53
Calculate the remainder when (-2)/6 + 32/6 is divided by (4/5)/((-2)/(-5)).
1
Let m be 0 + (-1 - (-2 + 2)). Let j be m/(-4) - (-28)/16. Suppose 2 = -h + j*h. Calculate the remainder when 4 is divided by h.
0
Suppose -k + 3 = -f - 0, 4*f + 19 = -3*k. Calculate the remainder when (0 - (-6)/f)*-10 is divided by (-4)/(-2 + 15/10).
7
Suppose -33 = -o + 9. Calculate the remainder when o is divided by (-3)/(-9) - 32/(-3).
9
Suppose 44 + 159 = 7*r. What is the remainder when 84 is divided by r?
26
Suppose -3*z + 7*z - 100 = 0. Let g = -232 + 124. Let d = g - -157. Calculate the remainder when d is divided by z.
24
Suppose v = -4 + 16. What is the remainder when 41 is divided by v?
5
Let n = 12 - 0. Suppose 5*b - 89 = -3*h, -3*b = -h + 2*b + 43. What is the remainder when h is divided by n?
9
Suppose 0 = 3*f + f - 44. Let c = 13 - 11. Suppose 4*n = -c + 18. What is the remainder when f is divided by n?
3
Calculate the remainder when 3/(9/165) + -2 is divided by 9.
8
Let i(j) = -j**3 + 10*j**2 - 9*j + 3. Let h = 0 + 9. Let w = 11 - 5. Calculate the remainder when w i